{"id":1392,"date":"2022-04-26T14:12:14","date_gmt":"2022-04-26T12:12:14","guid":{"rendered":"http:\/\/charlesdemontalembert.fr\/?page_id=1392"},"modified":"2022-06-13T09:35:22","modified_gmt":"2022-06-13T07:35:22","slug":"documents","status":"publish","type":"page","link":"https:\/\/charlesdemontalembert.fr\/?page_id=1392","title":{"rendered":"Documents"},"content":{"rendered":"<div id=\"pl-1392\"  class=\"panel-layout\" ><div id=\"pg-1392-0\"  class=\"panel-grid panel-has-style\" ><div class=\"siteorigin-panels-stretch panel-row-style panel-row-style-for-1392-0\" data-stretch-type=\"full-stretched\" data-row-id=\"hello\" ><div id=\"pgc-1392-0-0\"  class=\"panel-grid-cell\" ><div id=\"panel-1392-0-0-0\" class=\"so-panel widget widget_text panel-first-child panel-last-child\" data-index=\"0\" >\t\t\t<div class=\"textwidget\">\n\t\t\t<!-- START Documents REVOLUTION SLIDER 6.1.4 --><p class=\"rs-p-wp-fix\"><\/p>\n\t\t\t<rs-module-wrap id=\"rev_slider_16_1_wrapper\" data-source=\"gallery\" style=\"background:transparent;padding:0;margin:0px auto;margin-top:0;margin-bottom:0;\">\n\t\t\t\t<rs-module id=\"rev_slider_16_1\" style=\"display:none;\" data-version=\"6.1.4\">\n\t\t\t\t\t<rs-slides>\n\t\t\t\t\t\t<rs-slide data-key=\"rs-31\" data-title=\"Slide\" data-anim=\"ei:d;eo:d;s:1000;r:0;t:fade;sl:0;\">\n\t\t\t\t\t\t\t<img decoding=\"async\" src=\"\/\/charlesdemontalembert.fr\/wp-content\/plugins\/revslider\/public\/assets\/assets\/transparent.png\" class=\"rev-slidebg\" data-no-retina>\n<!--\n\t\t\t\t\t\t\t--><rs-layer\n\t\t\t\t\t\t\t\tid=\"slider-16-slide-31-layer-1\" \n\t\t\t\t\t\t\t\tdata-type=\"image\"\n\t\t\t\t\t\t\t\tdata-rsp_ch=\"on\"\n\t\t\t\t\t\t\t\tdata-xy=\"x:-239px;y:-6px;\"\n\t\t\t\t\t\t\t\tdata-text=\"w:normal;\"\n\t\t\t\t\t\t\t\tdata-dim=\"w:2424px;h:705px;\"\n\t\t\t\t\t\t\t\tdata-frame_1=\"sp:1000;\"\n\t\t\t\t\t\t\t\tdata-frame_999=\"o:0;st:w;sR:8000;\"\n\t\t\t\t\t\t\t\tstyle=\"z-index:5;\"\n\t\t\t\t\t\t\t><img loading=\"lazy\" decoding=\"async\" src=\"\/\/charlesdemontalembert.fr\/wp-content\/uploads\/2022\/04\/banniere-doc.jpg\" width=\"2424\" height=\"705\" data-no-retina> \n\t\t\t\t\t\t\t<\/rs-layer><!--\n\n\t\t\t\t\t\t\t--><rs-layer\n\t\t\t\t\t\t\t\tid=\"slider-16-slide-31-layer-2\" \n\t\t\t\t\t\t\t\tdata-type=\"text\"\n\t\t\t\t\t\t\t\tdata-color=\"#232323\"\n\t\t\t\t\t\t\t\tdata-rsp_ch=\"on\"\n\t\t\t\t\t\t\t\tdata-xy=\"x:704px;y:143px;\"\n\t\t\t\t\t\t\t\tdata-text=\"w:normal;s:60;l:88;fw:800;\"\n\t\t\t\t\t\t\t\tdata-dim=\"minh:0px;\"\n\t\t\t\t\t\t\t\tdata-frame_1=\"st:40;sR:40;\"\n\t\t\t\t\t\t\t\tdata-frame_999=\"o:0;st:w;sR:8660;\"\n\t\t\t\t\t\t\t\tstyle=\"z-index:6;font-family:Open Sans;text-transform:uppercase;\"\n\t\t\t\t\t\t\t>Ressources \n\t\t\t\t\t\t\t<\/rs-layer><!--\n-->\t\t\t\t\t\t<\/rs-slide>\n\t\t\t\t\t<\/rs-slides>\n\t\t\t\t\t<rs-progress class=\"rs-bottom\" style=\"visibility: hidden !important;\"><\/rs-progress>\n\t\t\t\t<\/rs-module>\n\t\t\t\t<script type=\"text\/javascript\">\n\t\t\t\t\tsetREVStartSize({c: 'rev_slider_16_1',rl:[1240,1024,778,480],el:[700],gw:[1240],gh:[700],layout:'fullwidth',mh:\"0\"});\n\t\t\t\t\tvar\trevapi16,\n\t\t\t\t\t\ttpj;\n\t\t\t\t\tjQuery(function() {\n\t\t\t\t\t\ttpj = jQuery;\n\t\t\t\t\t\tif(tpj(\"#rev_slider_16_1\").revolution == undefined){\n\t\t\t\t\t\t\trevslider_showDoubleJqueryError(\"#rev_slider_16_1\");\n\t\t\t\t\t\t}else{\n\t\t\t\t\t\t\trevapi16 = tpj(\"#rev_slider_16_1\").show().revolution({\n\t\t\t\t\t\t\t\tjsFileLocation:\"\/\/charlesdemontalembert.fr\/wp-content\/plugins\/revslider\/public\/assets\/js\/\",\n\t\t\t\t\t\t\t\tsliderLayout:\"fullwidth\",\n\t\t\t\t\t\t\t\tvisibilityLevels:\"1240,1024,778,480\",\n\t\t\t\t\t\t\t\tgridwidth:1240,\n\t\t\t\t\t\t\t\tgridheight:700,\n\t\t\t\t\t\t\t\tminHeight:\"\",\n\t\t\t\t\t\t\t\tspinner:\"spinner0\",\n\t\t\t\t\t\t\t\teditorheight:\"700,768,960,720\",\n\t\t\t\t\t\t\t\tresponsiveLevels:\"1240,1024,778,480\",\n\t\t\t\t\t\t\t\tdisableProgressBar:\"on\",\n\t\t\t\t\t\t\t\tnavigation: {\n\t\t\t\t\t\t\t\t\tonHoverStop:false\n\t\t\t\t\t\t\t\t},\n\t\t\t\t\t\t\t\tfallbacks: {\n\t\t\t\t\t\t\t\t\tallowHTML5AutoPlayOnAndroid:true\n\t\t\t\t\t\t\t\t},\n\t\t\t\t\t\t\t});\n\t\t\t\t\t\t}\n\t\t\t\t\t\t\n\t\t\t\t\t});\n\t\t\t\t<\/script>\n\t\t\t<\/rs-module-wrap>\n\t\t\t<!-- END REVOLUTION SLIDER -->\n\n<\/div>\n\t\t<\/div><\/div><\/div><\/div><div id=\"pg-1392-1\"  class=\"panel-grid panel-has-style\" ><div class=\"siteorigin-panels-stretch panel-row-style panel-row-style-for-1392-1\" style=\"padding-top: 70px; padding-bottom: 70px; \" data-stretch-type=\"full\" data-row-id=\"my-work\" ><div id=\"pgc-1392-1-0\"  class=\"panel-grid-cell\" ><div id=\"panel-1392-1-0-0\" class=\"so-panel widget widget_black-studio-tinymce widget_black_studio_tinymce panel-first-child panel-last-child\" data-index=\"1\" ><div class=\"panel-widget-style panel-widget-style-for-1392-1-0-0\" ><div class=\"textwidget\"><h2 style=\"text-align: center;\">Liste des <span style=\"color: #bb9f7c;\">DOCUMENTS<\/span><\/h2>\n<\/div><\/div><\/div><\/div><\/div><\/div><div id=\"pg-1392-2\"  class=\"panel-grid panel-no-style\" ><div id=\"pgc-1392-2-0\"  class=\"panel-grid-cell panel-grid-cell-empty panel-grid-cell-mobile-last\" ><\/div><div id=\"pgc-1392-2-1\"  class=\"panel-grid-cell panel-grid-cell-empty\" ><\/div><\/div><div id=\"pg-1392-3\"  class=\"panel-grid panel-no-style\" ><div id=\"pgc-1392-3-0\"  class=\"panel-grid-cell\" ><div id=\"panel-1392-3-0-0\" class=\"so-panel widget widget_black-studio-tinymce widget_black_studio_tinymce panel-first-child panel-last-child\" data-index=\"2\" ><div class=\"textwidget\"><div><\/div>\n<div><strong>L<\/strong><b>es\u00a0archives\u00a0de Charles de Montalembert\u00a0<\/b> sont disponibles sur Internet sur le site des <a href=\"http:\/\/www.archinoe.net\/console\/ir_ead_visu.php?eadid=FRAD021_000003404&amp;ir=27041#\">Archives d\u00e9partementales de la Cote d'Or<\/a><\/div>\n<\/div><\/div><\/div><\/div><div id=\"pg-1392-4\"  class=\"panel-grid panel-has-style\" ><div class=\"siteorigin-panels-stretch parallax-section row-69ddd0c7b15c8 panel-row-style panel-row-style-for-1392-4\" style=\"background-image: url(996);padding-top: 150px; padding-bottom: 150px; \" data-stretch-type=\"full\" data-parallax-image=\"996\" data-parallax-id=\".row-69ddd0c7b15c8\" data-row-id=\"about-me\" ><div id=\"pgc-1392-4-0\"  class=\"panel-grid-cell\" ><div id=\"panel-1392-4-0-0\" class=\"so-panel widget widget_black-studio-tinymce widget_black_studio_tinymce panel-first-child panel-last-child\" data-index=\"3\" ><div class=\"wow fadeIn panel-widget-style panel-widget-style-for-1392-4-0-0\" data-wow-offset=\"10\" data-wow-iteration=\"1\" ><div class=\"textwidget\"><h2><span style=\"color: #1f1f1f;\"><span style=\"color: #bb9f7c;\"><b>OEUVRES<\/b><\/span><\/span><\/h2>\n<ul>\n<li><a href=\"http:\/\/charlesdemontalembert.fr\/wp-content\/uploads\/2022\/06\/Charles-de-Montalembert-1810-1870.pdf\">Charles de Montalembert 1810-1870<\/a> - Texte de Xavier Drago<\/li>\n<li><a href=\"http:\/\/charlesdemontalembert.fr\/wp-content\/uploads\/2022\/05\/1831-Proces-Montalembert-devant-la-chambre-des-pairs.pdf\">1831 Proc\u00e8s Montalembert devant la chambre des pairs<\/a><\/li>\n<li><a href=\"http:\/\/charlesdemontalembert.fr\/wp-content\/uploads\/2022\/05\/1833-CdM-Du-Vandalisme-en-France.pdf\">1833 CdM, Du Vandalisme en France<\/a><\/li>\n<li><a href=\"http:\/\/charlesdemontalembert.fr\/wp-content\/uploads\/2022\/05\/1836-CdM-Histoire-de-Sainte-Elisabeth-de-Hongrie-tome-OC.pdf\">1836 CdM, Histoire de Sainte Elisabeth de Hongrie (tome OC)<\/a><\/li>\n<li><a href=\"http:\/\/charlesdemontalembert.fr\/wp-content\/uploads\/2022\/05\/1839-CdM-Du-vandalisme-du-Catholicisme-dans-lart-tome-OC.pdf\">1839 CdM, Du vandalisme &amp; du Catholicisme dans l'art (tome OC)<\/a><\/li>\n<li><a href=\"http:\/\/charlesdemontalembert.fr\/wp-content\/uploads\/2022\/05\/1840ca-CdM-discours-a-la-pairie.pdf\">1840 CdM, discours \u00e0 la pairie<\/a><\/li>\n<li><a href=\"http:\/\/charlesdemontalembert.fr\/wp-content\/uploads\/2022\/05\/1843-CdM-Du-devoir-des-catholiques.pdf\">1843 CdM, Du devoir des catholiques<\/a><\/li>\n<li><a href=\"http:\/\/charlesdemontalembert.fr\/wp-content\/uploads\/2022\/05\/1844-ca-VOIR-CdM-Discours-a-la-chambre-des-pairs.pdf\">1844 CdM, Discours \u00e0 la chambre des pairs<\/a><\/li>\n<li><a href=\"http:\/\/charlesdemontalembert.fr\/wp-content\/uploads\/2022\/05\/1845-ed.-sd-CdM-Abolition-de-lesclavage.pdf\">1845 CdM Abolition de l'esclavage<\/a><\/li>\n<li><a href=\"http:\/\/charlesdemontalembert.fr\/wp-content\/uploads\/2022\/05\/1845-ed.-sd-Montalembert-et-lesclavage.pdf\">1845 Montalembert et l'esclavage<\/a><\/li>\n<li><a href=\"http:\/\/charlesdemontalembert.fr\/wp-content\/uploads\/2022\/05\/1852-CdM-Discours-a-lAcademie-francaise.pdf\">1852 CdM, Discours \u00e0 l'Acad\u00e9mie fran\u00e7aise<\/a><\/li>\n<li><a href=\"http:\/\/charlesdemontalembert.fr\/wp-content\/uploads\/2022\/05\/1860-CdM-Discours-1-tome-1-OC.pdf\">1860 CdM, Discours 1 (tome 1 OC)<\/a><\/li>\n<li><a href=\"http:\/\/charlesdemontalembert.fr\/wp-content\/uploads\/2022\/05\/1860-CdM-Discours-2-tome-2-OC.pdf\">1860 CdM, Discours 2 (tome 2 OC)<\/a><\/li>\n<li><a href=\"http:\/\/charlesdemontalembert.fr\/wp-content\/uploads\/2022\/05\/1860-CdM-Discours-3-tome-3-OC.pdf\">1860 CdM, Discours 3 (tome 3 OC)<\/a><\/li>\n<li><a href=\"http:\/\/charlesdemontalembert.fr\/wp-content\/uploads\/2022\/05\/1860-77-CdM-Les-moines-dOccident-1-tome-OC.pdf\">1860-77 CdM, Les moines d'Occident 1 (tome OC)<\/a><\/li>\n<li><a href=\"http:\/\/charlesdemontalembert.fr\/wp-content\/uploads\/2022\/05\/1860-77-CdM-Les-moines-dOccident-2-tome-OC.pdf\">1860-77 CdM, Les moines d'Occident 2 (tome OC)<\/a><\/li>\n<li><a href=\"http:\/\/charlesdemontalembert.fr\/wp-content\/uploads\/2022\/05\/1860-77-CdM-Les-moines-dOccident-3-tome-OC.pdf\">1860-77 CdM, Les moines d'Occident 3 (tome OC)<\/a><\/li>\n<li><a href=\"http:\/\/charlesdemontalembert.fr\/wp-content\/uploads\/2022\/05\/1860-77-CdM-Les-moines-dOccident-4-tome-OC.pdf\">1860-77 CdM, Les moines d'Occident 4 (tome OC)<\/a><\/li>\n<li><a href=\"http:\/\/charlesdemontalembert.fr\/wp-content\/uploads\/2022\/05\/1860-77-CdM-Les-moines-dOccident-5-tome-OC.pdf\">1860-77 CdM, Les moines d'Occident 5 (tome OC)<\/a><\/li>\n<li><a href=\"http:\/\/charlesdemontalembert.fr\/wp-content\/uploads\/2022\/05\/1860-77-CdM-Les-moines-dOccident-6-tome-OC-ip263-71-i280-8.pdf\">1860-77 CdM, Les moines d'Occident 6 (tome OC)<\/a><\/li>\n<li><a href=\"http:\/\/charlesdemontalembert.fr\/wp-content\/uploads\/2022\/05\/1860-77-CdM-Les-moines-dOccident-7-tome-OC.pdf\">1860-77 CdM, Les moines d'Occident 7 (tome OC)<\/a><\/li>\n<li><a href=\"http:\/\/charlesdemontalembert.fr\/wp-content\/uploads\/2022\/05\/1861-CdM-Melanges-dart-de-litterature-tome-6-OC.pdf\">1861 CdM, M\u00e9langes d'art &amp; de litt\u00e9rature (tome 6 OC)<\/a><\/li>\n<li><a href=\"http:\/\/charlesdemontalembert.fr\/wp-content\/uploads\/2022\/05\/1862-CdM-Lacordaire.pdf\">1862 CdM, Lacordaire<\/a><\/li>\n<li><a href=\"http:\/\/charlesdemontalembert.fr\/wp-content\/uploads\/2022\/05\/1865-CdM-Victoire-Nord-EU-ed-1868-OPD-tome-9-OC.pdf\">1865 CdM, Victoire Nord EU (\u00e9d 1868 OP&amp;D tome 9 OC)<\/a><\/li>\n<li><a href=\"http:\/\/charlesdemontalembert.fr\/wp-content\/uploads\/2022\/05\/1868-CdM-Oeuvres-polemiques-et-diverses-tome-9-OC.pdf\">1868 CdM, Oeuvres pol\u00e9miques et diverses (tome 9 OC)<\/a><\/li>\n<\/ul>\n<\/div><\/div><\/div><\/div><div id=\"pgc-1392-4-1\"  class=\"panel-grid-cell\" ><div id=\"panel-1392-4-1-0\" class=\"so-panel widget widget_black-studio-tinymce widget_black_studio_tinymce panel-first-child panel-last-child\" data-index=\"4\" ><div class=\"wow fadeIn panel-widget-style panel-widget-style-for-1392-4-1-0\" data-wow-offset=\"10\" data-wow-iteration=\"1\" ><div class=\"textwidget\"><h2><span style=\"color: #1f1f1f;\"><span style=\"color: #bb9f7c;\"><b>\u00c9TUDES<\/b><\/span><\/span><\/h2>\n<\/div><\/div><\/div><\/div><div id=\"pgc-1392-4-2\"  class=\"panel-grid-cell\" ><div id=\"panel-1392-4-2-0\" class=\"so-panel widget widget_black-studio-tinymce widget_black_studio_tinymce panel-first-child panel-last-child\" data-index=\"5\" ><div class=\"wow fadeIn panel-widget-style panel-widget-style-for-1392-4-2-0\" data-wow-offset=\"10\" data-wow-iteration=\"1\" ><div class=\"textwidget\"><h2><span style=\"color: #1f1f1f;\"><span style=\"color: #bb9f7c;\"><b>BIBLIOGRAPHIE<\/b><\/span><\/span><\/h2>\n<ul>\n<li><span style=\"font-size: 18px;\"><strong>\u00c9crits politiques et discours<\/strong><\/span><br \/>\nD\u00e9fense de l'\u00e9cole libre devant la Chambre des Pairs, 1831<br \/>\nDu vandalisme et du catholicisme dans l'art, 1839<br \/>\nDu devoir des catholiques dans la question de la libert\u00e9 d'enseignement, Paris, Bureau de l'Univers, 1843, 77 p.<br \/>\nTrois discours sur la libert\u00e9 de l'\u00c9glise. Saint Anselme, 1844<br \/>\nDiscours prononc\u00e9 sur l'abolition de l'esclavage par M. le comte de Montalembert, pair de France, dans la discussion g\u00e9n\u00e9rale du projet de loi relatif aux colonies, s\u00e9ance du 7 avril 1845<br \/>\nDiscours de M. de Montalembert, repr\u00e9sentant du Doubs, sur la libert\u00e9 d'enseignement, dans la discussion de l'article 8 du projet de constitution : s\u00e9ances des 18 et 20 septembre 1848, Paris, Assembl\u00e9e Nationale, 1848, 36 p.<br \/>\nQuelques conseils aux catholiques, 1849<br \/>\nDes int\u00e9r\u00eats catholiques au xixe si\u00e8cle, 1852<br \/>\nDe l'avenir politique de l'Angleterre, 1855<br \/>\nUn d\u00e9bat sur l'Inde au Parlement anglais, 1858<br \/>\nPie IX et lord Palmeston, 1859<br \/>\nDiscours, 3 vol., 1860<br \/>\nPie IX et la France, 1860<br \/>\nLettre \u00e0 M. le comte de Cavour, 1860<br \/>\nUne nation en deuil, la Pologne en 1861, 1861<br \/>\nL'\u00c9glise libre dans l'\u00c9tat libre. L'insurrection polonaise, 1863<br \/>\nLe pape et la Pologne, Paris, E. Dentu, 1864<br \/>\nLe g\u00e9n\u00e9ral de La Morici\u00e8re , Paris, C. Douniol, 1865 , 31 p.<br \/>\nLa victoire du Nord aux \u00c9tats-Unis, Paris, E. Dentu, 1865<br \/>\nL'Espagne et la Libert\u00e9, 1870<br \/>\nLettres \u00e0 un ami de coll\u00e8ge, publi\u00e9es par M. Cornudet, 1872<br \/>\nBiographie<br \/>\nLe P\u00e8re Lacordaire, Paris, Charles Douniol, 1862, 291 p.<\/li>\n<\/ul>\n<p>&nbsp;<\/p>\n<ul>\n<li><strong><span style=\"font-size: 18px;\">\u00c9crits historiques<\/span><\/strong><br \/>\nHistoire de sainte \u00c9lisabeth de Hongrie, duchesse de Thuringe (1207-1231), Paris, Deb\u00e9court, 1836, 450 p.<br \/>\nMonuments de l'histoire de sainte \u00c9lisabeth, 1838<br \/>\nLes moines d'Occident : depuis saint Beno\u00eet jusqu'\u00e0 saint Bernard, Jacques Lecoffre et Cie, 1860 \u00e0 1877 :<br \/>\nTome Premier, 1860, 598 p. (lire en ligne [archive])<br \/>\nTome Deuxi\u00e8me, 1860, 602 p. (lire en ligne [archive])<br \/>\nTome Troisi\u00e8me : Conversion de l'Angleterre par les moines - I, 1866, 522 p.<br \/>\nTome Quatri\u00e8me : Conversion de l'Angleterre par les moines - II, 1867, 521 p.<br \/>\nTome Cinqui\u00e8me : Conversion de l'Angleterre par les moines - III, 1867, 432 p.<br \/>\nTome Sixi\u00e8me, 1877, 664 p. (lire en ligne [archive])<br \/>\nTome Septi\u00e8me, 1877, 722 p. (lire en ligne [archive])<\/li>\n<\/ul>\n<p>&nbsp;<\/p>\n<ul>\n<li><span style=\"font-size: 18px;\"><strong>Journal intime<\/strong><\/span><br \/>\nLouis Le Guillou et Nicole Roger-Taillade, Journal intime in\u00e9dit :<br \/>\nTome III. 1834-1843, 2003.<br \/>\nTome IV. 1844-1848, 2005.<br \/>\nTome V : 1849-1853, 2006.<br \/>\nTome VI. 1854-1858, 2006.<br \/>\nTome VII : 1859-1864, 2008.<br \/>\nTome VIII et dernier. 1865-1870, 2009.<\/li>\n<\/ul>\n<\/div><\/div><\/div><\/div><\/div><\/div><\/div>","protected":false},"excerpt":{"rendered":"<p>Liste des DOCUMENTS<\/p>\n","protected":false},"author":1,"featured_media":0,"parent":0,"menu_order":0,"comment_status":"closed","ping_status":"closed","template":"","meta":{"om_disable_all_campaigns":false,"_monsterinsights_skip_tracking":false,"_monsterinsights_sitenote_active":false,"_monsterinsights_sitenote_note":"","_monsterinsights_sitenote_category":0,"footnotes":""},"class_list":["post-1392","page","type-page","status-publish","hentry"],"_links":{"self":[{"href":"https:\/\/charlesdemontalembert.fr\/index.php?rest_route=\/wp\/v2\/pages\/1392","targetHints":{"allow":["GET"]}}],"collection":[{"href":"https:\/\/charlesdemontalembert.fr\/index.php?rest_route=\/wp\/v2\/pages"}],"about":[{"href":"https:\/\/charlesdemontalembert.fr\/index.php?rest_route=\/wp\/v2\/types\/page"}],"author":[{"embeddable":true,"href":"https:\/\/charlesdemontalembert.fr\/index.php?rest_route=\/wp\/v2\/users\/1"}],"replies":[{"embeddable":true,"href":"https:\/\/charlesdemontalembert.fr\/index.php?rest_route=%2Fwp%2Fv2%2Fcomments&post=1392"}],"version-history":[{"count":33,"href":"https:\/\/charlesdemontalembert.fr\/index.php?rest_route=\/wp\/v2\/pages\/1392\/revisions"}],"predecessor-version":[{"id":1456,"href":"https:\/\/charlesdemontalembert.fr\/index.php?rest_route=\/wp\/v2\/pages\/1392\/revisions\/1456"}],"wp:attachment":[{"href":"https:\/\/charlesdemontalembert.fr\/index.php?rest_route=%2Fwp%2Fv2%2Fmedia&parent=1392"}],"curies":[{"name":"wp","href":"https:\/\/api.w.org\/{rel}","templated":true}]}}